ulate the highest common factor of o and 350.
7
Let l(d) = 29*d + 3. Let g be l(4). Suppose 0 = -2*p + 10, 4*y - 5*p = -9 - 40. Let u be g - 3/y*0. Calculate the greatest common divisor of u and 17.
17
Let b(i) = i**2 - 12*i + 6. Let q be b(8). Let c = 30 + q. Suppose -2*w + 60 = c*h - 2*h, -3*w = -4*h - 55. What is the greatest common divisor of w and 100?
25
Suppose -3*h - 3643 = -5*t + 1321, 3*t = -2*h + 2986. Suppose 5*x - 61 = -3*a, 45 = 5*x - 2*x - a. What is the greatest common divisor of x and t?
14
Suppose b + g - 120 = 0, -2*g = -2*b - 2*b + 504. Suppose -b = -5*n - 24. Calculate the greatest common divisor of n and 24.
4
Suppose 3*h - 5*w = h + 185, 0 = -2*h + 2*w + 170. Let u be (-140)/((185/30 + -5)/(329/(-141))). What is the greatest common factor of h and u?
40
Suppose -k + 19*y = 15*y - 13, 3 = y. Let h = 226 + -136. Calculate the highest common factor of h and k.
5
Suppose -2*g - 3*g + 210 = 0. Suppose -9*j - 53 = -71. Let x be 334 + -8*j*(-7)/56. Calculate the highest common factor of x and g.
42
Let z be 20*((-21 - -4) + 20). Suppose 25 = -5*j, -t - j + 35 + 0 = 0. Calculate the greatest common divisor of z and t.
20
Suppose 12*r - 991 = -2*m + 15*r, -m = 2*r - 506. What is the greatest common divisor of m and 2375?
125
Let z(w) = -w**3 + 267*w + 287. Let p be z(0). What is the greatest common divisor of 287 and p?
287
Suppose -110*t - 757 = -399*t + 1582 + 8932. Let v = -12 - -85. Let i = v + -47. Calculate the greatest common factor of i and t.
13
Suppose 5*t - 6449 + 230 = -244. Calculate the highest common factor of 6453 and t.
239
Suppose -111*f + 89*f = -15347 - 3815. Calculate the greatest common factor of f and 737.
67
Suppose 0 = -5*n + 2*z + 30, 2*n - 22*z = -18*z + 28. Let d(b) = b**3 + 10*b**2 - 4*b + 12. Let i be d(-10). Calculate the highest common factor of i and n.
4
Suppose -3*k = -u + 1571, 6*k = 9*k - 6. Let o = -927 + u. What is the greatest common divisor of o and 50?
50
Let v(f) = -63*f - 122. Suppose -32 = -34*s + 42*s. Let b be v(s). Calculate the highest common factor of 26 and b.
26
Let g(x) = -x**3 + x**2 + 194*x + 201. Let y be g(-13). Calculate the highest common factor of y and 25.
5
Let i = -5 + -40. Let g be 2 - i - 1/(-1). Let n = g - 35. Calculate the greatest common factor of n and 26.
13
Let o(a) = -15*a**3 + 68*a**2 - 24*a - 2. Let p be o(4). Suppose -1370 = -5*v - 5*x, 2*x + 8 = 4*x. What is the highest common factor of p and v?
30
Let d(x) = -4*x - 28. Let j be d(-6). Let u = -10 - j. Let m be -22*(-14)/(-21)*u/8. Calculate the highest common divisor of 99 and m.
11
Suppose 3576 = 2272*i - 2268*i. Suppose 25*w - 28*w + 912 = 4*a, -3*w + 2*a + i = 0. What is the greatest common factor of w and 60?
60
Let f be (943/(-46))/(1/(310/(-5))). What is the greatest common factor of f and 31?
31
Let y = 35 + -29. Let o be (y/2)/(-2 + 28/8). Suppose o*c + i - 107 = 297, 4*c + 4*i - 816 = 0. What is the greatest common factor of c and 80?
40
Let x(p) = -3*p**3 + 4*p - 5. Let f be x(2). Let m = f - -25. Suppose -5*o + 41 = -w + 2*w, 3*w - m*o = 28. What is the greatest common factor of w and 32?
16
Suppose -5*n + 2*g = -4*n - 3, 43 = 5*n + 4*g. Suppose n*y = 17*y. Suppose 4 = -o + 5, y = -4*w - 2*o + 118. What is the highest common factor of w and 1?
1
Let u(v) = v + 6. Let w be u(-1). Let q be (21/(-3))/(3/(-9)). Suppose -q*z + 23*z = 70. What is the greatest common factor of w and z?
5
Suppose -56*v + 29069 = -22304 + 19229. Calculate the greatest common factor of v and 196.
14
Suppose -2*m + 3*f + 429 = -609, 9*m - 4638 = -3*f. Calculate the highest common factor of m and 120.
12
Let s(g) = -3*g**3 + 4*g**2 - g - 7. Let i be s(-5). Suppose 60*f - 213 - 1659 - 108 = 0. Calculate the greatest common divisor of i and f.
11
Suppose 114 + 14 = q. Let s = 147 - q. Let z = s - -65. Calculate the greatest common factor of z and 7.
7
Suppose 6635 = 40*k + 1155. Let n = k + -119. What is the highest common divisor of n and 162?
18
Suppose -134*r + 4070 + 2228 = 0. Suppose 0*o = 3*o - 3, -h - 2*o + 801 = 0. Calculate the greatest common factor of h and r.
47
Suppose 2*g = 10*g - 336. Let o(i) = 2*i + 8. Let m be o(-1). Let s be -6*(-49)/(-7)*(-2)/m. What is the highest common factor of s and g?
14
Let i(l) = 8*l + 5. Let u be i(5). Suppose -67*d - 550 = -177*d. Suppose 2*z = d*z - u. Calculate the greatest common factor of z and 12.
3
Let j = 166 - 162. Suppose -j*i = -20, -5*z + 4*i + 105 = 3*i. Calculate the highest common divisor of z and 88.
22
Let n(u) = -u**3 - 8*u**2 + 9*u + 2. Let y be n(-9). Suppose 0 = 8*g + y - 2. Suppose 5*x - 9*x + 56 = g. What is the highest common factor of x and 112?
14
Suppose -1609 + 249 = -4*u. Suppose 28 - 16 = 6*z. Suppose u = z*k - 0*k. Calculate the greatest common divisor of k and 17.
17
Suppose -5*n = 4*b - 314 + 183, 4*b = -n + 135. Calculate the greatest common factor of b and 11237.
17
Let d be (-1)/2 - ((-38)/4 - -4). Suppose 8*h - d*h = 132. Let t(m) = -32*m - 10. Let z be t(-1). Calculate the greatest common divisor of h and z.
22
Let l be (-1)/1 + 1 + 6. Suppose -2*u + l*u = 324. Let z = u - 49. What is the greatest common divisor of z and 48?
16
Let d be (21/(-4))/(-4*(-12)/(-192)). Let o = 76 - 1. Suppose 3*l = r - o, 0 = 3*r + l + 2*l - 261. Calculate the highest common divisor of d and r.
21
Let c be -39*(-6)/(-27)*-3. Let d(b) be the third derivative of b**4/6 - 15*b**3 - 7*b**2 - 9. Let x be d(c). What is the highest common factor of 126 and x?
14
Let i = 68 + -47. Suppose -268 = -13*t - i. Calculate the greatest common divisor of t and 209.
19
Suppose 25*k - 21*k - 2891 = 5*y, -2*y - 3*k = 1138. Let n = y - -582. Calculate the highest common divisor of n and 1.
1
Let o = 4 - 4. Let a be (o/(-2))/1 + 5. Suppose -2*v - 14 + 116 = 2*d, -v = -d + 59. Calculate the greatest common divisor of a and d.
5
Let m = 177086 + -177064. Suppose 6*p = 5*p + 99. Calculate the greatest common factor of p and m.
11
Let f(a) = 23*a + 75. Let w be f(-3). Let k(d) = d**3 - 3*d**2 + 2*d + 20. Let u be k(w). Calculate the highest common divisor of 84 and u.
28
Let y = 349 - 212. Let z = y + -123. What is the greatest common divisor of z and 14?
14
Let m = -600 - -604. Suppose -m*v - 444 = -3*i, -11*v = 5*i - 9*v - 714. Calculate the greatest common factor of 48 and i.
48
Let u(l) = 5*l - 10. Suppose 0 = 27*d - 31*d + 36. Let m be u(d). Suppose 4*r = 3*r + 5*z + 10, -3*z - 8 = -r. Calculate the highest common factor of r and m.
5
Suppose 2*r + 2*z + 174 = 0, 5*r - 2*z = -163 - 279. Let p = 95 + r. Suppose -p*s = -12 - 156. What is the highest common divisor of 6 and s?
6
Suppose -28 + 28 = 10*b. Suppose 10*y - 1430 = -b*y. Calculate the greatest common factor of 44 and y.
11
Suppose -2*c - 69 = -233. Suppose -4*x + c = n + 25, 3*x - 47 = -5*n. Let y be (x/6)/(3/216). What is the greatest common factor of 21 and y?
21
Let s = -44 - -48. Suppose 0*x - 8 = -2*x - s*q, -5*q = 0. Let b be 61 + 12/16*x. What is the highest common factor of b and 8?
8
Let u be (278/(-10) - (-6)/45)*-3. Suppose -2*w - 3*m + 14 = -300, w + 5*m = 143. Let k = w - u. Calculate the highest common factor of k and 32.
16
Let q be -8 + 4 - (13 + -13). Let w be (-32)/48 + q*818/(-12). Calculate the greatest common divisor of w and 102.
34
Let s be 2/1 + 1 + (0 - -202). Suppose -5*b - 165 = -s. Calculate the highest common factor of b and 88.
8
Let c = 115 + -534. Let t = 462 + c. What is the highest common factor of t and 1?
1
Suppose -12 = -z - 4*t, 3*z + 0*t - 75 = t. Let m = -299 - -320. Suppose m*d - 416 = 340. Calculate the greatest common factor of z and d.
12
Let s(r) = 2*r**3 + 8*r**2 + 8*r - 9. Let i be s(-5). Let q = 106 + i. Calculate the greatest common divisor of q and 21.
7
Let h(v) = 3*v - 8. Suppose 17*z - 16*z = -8. Let i be h(z). Let m = 56 + i. Calculate the highest common divisor of m and 6.
6
Let j(v) = -3*v**3 + 2*v**2 + v. Let d be j(-1). Let u = d + 10. Let x = -3512 - -3624. Calculate the greatest common divisor of x and u.
14
Suppose -6*o = 579 + 639. Let t be (-5094)/(-14) - 29/o. Calculate the highest common factor of 28 and t.
28
Let k be 12*(54/4 + 3). Let r(g) = g + 1. Let x be r(4). Suppose -x*d + 198 = 4*d. Calculate the greatest common factor of d and k.
22
Let o be 153